{"id":4041,"date":"2026-01-14T16:55:04","date_gmt":"2026-01-14T15:55:04","guid":{"rendered":"https:\/\/myagencyinside.com\/maquettes\/gestion-retraite\/?page_id=4041"},"modified":"2026-01-14T17:05:28","modified_gmt":"2026-01-14T16:05:28","slug":"podcast-bon-vent","status":"publish","type":"page","link":"https:\/\/myagencyinside.com\/maquettes\/gestion-retraite\/podcast-bon-vent\/","title":{"rendered":"Podcast BON VENT !\u00a0"},"content":{"rendered":"\t\t<div data-elementor-type=\"wp-page\" data-elementor-id=\"4041\" class=\"elementor elementor-4041\">\n\t\t\t\t\t\t<section class=\"elementor-section elementor-top-section elementor-element elementor-element-17efbdad elementor-section-boxed elementor-section-height-default elementor-section-height-default wpr-particle-no wpr-jarallax-no wpr-parallax-no wpr-sticky-section-no wpr-equal-height-no\" data-id=\"17efbdad\" data-element_type=\"section\" data-e-type=\"section\">\n\t\t\t\t\t\t<div class=\"elementor-container elementor-column-gap-default\">\n\t\t\t\t\t<div class=\"elementor-column elementor-col-100 elementor-top-column elementor-element elementor-element-6d32c8fc\" data-id=\"6d32c8fc\" data-element_type=\"column\" data-e-type=\"column\">\n\t\t\t<div class=\"elementor-widget-wrap elementor-element-populated\">\n\t\t\t\t\t\t<div class=\"elementor-element elementor-element-22fbc39d elementor-widget elementor-widget-heading\" data-id=\"22fbc39d\" data-element_type=\"widget\" data-e-type=\"widget\" data-widget_type=\"heading.default\">\n\t\t\t\t\t<h2 class=\"elementor-heading-title elementor-size-default\">BON VENT ! Le podcast qui donne envie d'\u00eatre \u00e0 la retraite<\/h2>\t\t\t\t<\/div>\n\t\t\t\t<div class=\"elementor-element elementor-element-653b5290 elementor-widget elementor-widget-text-editor\" data-id=\"653b5290\" data-element_type=\"widget\" data-e-type=\"widget\" data-widget_type=\"text-editor.default\">\n\t\t\t\t\t\t\t\t\t<p><img decoding=\"async\" class=\" wp-image-4046 alignleft\" src=\"https:\/\/myagencyinside.com\/maquettes\/gestion-retraite\/wp-content\/uploads\/2026\/01\/LogoBonVent-Vert-300x300.jpg\" alt=\"\" width=\"109\" height=\"109\" srcset=\"https:\/\/myagencyinside.com\/maquettes\/gestion-retraite\/wp-content\/uploads\/2026\/01\/LogoBonVent-Vert-300x300.jpg 300w, https:\/\/myagencyinside.com\/maquettes\/gestion-retraite\/wp-content\/uploads\/2026\/01\/LogoBonVent-Vert-150x150.jpg 150w, https:\/\/myagencyinside.com\/maquettes\/gestion-retraite\/wp-content\/uploads\/2026\/01\/LogoBonVent-Vert.jpg 600w\" sizes=\"(max-width: 109px) 100vw, 109px\" \/><strong>BON VENT !<\/strong><\/p><p>donne la parole aux femmes et aux hommes qui s&rsquo;\u00e9panouissent \u00e0 la retraite. Au-del\u00e0 des aspects techniques et financiers, qu&rsquo;en ont-ils fait ? Comment se sont-ils projet\u00e9s ? Au micro de Nathalie BADAIRE, experte retraite, ils se confient sur la mani\u00e8re dont ils vivent cette nouvelle \u00e9tape de vie. Entre aspirations, projets de vie et qu\u00eate de libert\u00e9.<\/p>\t\t\t\t\t\t\t\t<\/div>\n\t\t\t\t\t<\/div>\n\t\t<\/div>\n\t\t\t\t\t<\/div>\n\t\t<\/section>\n\t\t\t\t<section class=\"elementor-section elementor-top-section elementor-element elementor-element-69d34324 elementor-section-boxed elementor-section-height-default elementor-section-height-default wpr-particle-no wpr-jarallax-no wpr-parallax-no wpr-sticky-section-no wpr-equal-height-no\" data-id=\"69d34324\" data-element_type=\"section\" data-e-type=\"section\" id=\"features\" data-settings=\"{&quot;background_background&quot;:&quot;gradient&quot;}\">\n\t\t\t\t\t\t<div class=\"elementor-container elementor-column-gap-default\">\n\t\t\t\t\t<div class=\"elementor-column elementor-col-100 elementor-top-column elementor-element elementor-element-66b316b2\" data-id=\"66b316b2\" data-element_type=\"column\" data-e-type=\"column\">\n\t\t\t<div class=\"elementor-widget-wrap elementor-element-populated\">\n\t\t\t\t\t\t<div class=\"elementor-element elementor-element-27b1ea38 elementor-widget elementor-widget-heading\" data-id=\"27b1ea38\" data-element_type=\"widget\" data-e-type=\"widget\" data-widget_type=\"heading.default\">\n\t\t\t\t\t<h2 class=\"elementor-heading-title elementor-size-default\">Nos \u00e9pisodes de BON VENT !<\/h2>\t\t\t\t<\/div>\n\t\t\t\t<div class=\"elementor-element elementor-element-2dee3f3e elementor-widget elementor-widget-text-editor\" data-id=\"2dee3f3e\" data-element_type=\"widget\" data-e-type=\"widget\" data-widget_type=\"text-editor.default\">\n\t\t\t\t\t\t\t\t\t<p>Une vision inspirante de la retraite avec le podcast BON VENT !<\/p>\t\t\t\t\t\t\t\t<\/div>\n\t\t\t\t<section class=\"elementor-section elementor-inner-section elementor-element elementor-element-e222037 elementor-section-boxed elementor-section-height-default elementor-section-height-default wpr-particle-no wpr-jarallax-no wpr-parallax-no wpr-sticky-section-no wpr-equal-height-no\" data-id=\"e222037\" data-element_type=\"section\" data-e-type=\"section\">\n\t\t\t\t\t\t<div class=\"elementor-container elementor-column-gap-default\">\n\t\t\t\t\t<div class=\"elementor-column elementor-col-33 elementor-inner-column elementor-element elementor-element-b0d84f6\" data-id=\"b0d84f6\" data-element_type=\"column\" data-e-type=\"column\" data-settings=\"{&quot;background_background&quot;:&quot;classic&quot;}\">\n\t\t\t<div class=\"elementor-widget-wrap elementor-element-populated\">\n\t\t\t\t\t\t<div class=\"elementor-element elementor-element-3440e35c elementor-widget elementor-widget-image\" data-id=\"3440e35c\" data-element_type=\"widget\" data-e-type=\"widget\" data-widget_type=\"image.default\">\n\t\t\t\t\t\t\t\t\t\t\t\t\t\t\t<img fetchpriority=\"high\" decoding=\"async\" width=\"563\" height=\"352\" src=\"https:\/\/myagencyinside.com\/maquettes\/gestion-retraite\/wp-content\/uploads\/2026\/01\/JLChifflet_BONVENT2.jpg\" class=\"attachment-large size-large wp-image-4050\" alt=\"\" srcset=\"https:\/\/myagencyinside.com\/maquettes\/gestion-retraite\/wp-content\/uploads\/2026\/01\/JLChifflet_BONVENT2.jpg 563w, https:\/\/myagencyinside.com\/maquettes\/gestion-retraite\/wp-content\/uploads\/2026\/01\/JLChifflet_BONVENT2-300x188.jpg 300w\" sizes=\"(max-width: 563px) 100vw, 563px\" \/>\t\t\t\t\t\t\t\t\t\t\t\t\t\t\t<\/div>\n\t\t\t\t<div class=\"elementor-element elementor-element-2aef9935 elementor-widget elementor-widget-heading\" data-id=\"2aef9935\" data-element_type=\"widget\" data-e-type=\"widget\" data-widget_type=\"heading.default\">\n\t\t\t\t\t<h3 class=\"elementor-heading-title elementor-size-default\">Jean-Loup Chiflet<\/h3>\t\t\t\t<\/div>\n\t\t\t\t<div class=\"elementor-element elementor-element-6e44a82c elementor-widget elementor-widget-text-editor\" data-id=\"6e44a82c\" data-element_type=\"widget\" data-e-type=\"widget\" data-widget_type=\"text-editor.default\">\n\t\t\t\t\t\t\t\t\t<p>\u00c0 82 ans, Jean-Loup Chiflet dit n&rsquo;avoir jamais autant travaill\u00e9. Apr\u00e8s une carri\u00e8re dans le milieu de l&rsquo;\u00e9dition, du packaging et du livre, cet homme de lettres jubile. Depuis qu&rsquo;il a pris sa retraite il y a 20 ans, il ne s&rsquo;est jamais senti aussi libre d&rsquo;aller \u00e0 son rythme, d&rsquo;\u00e9crire comme \u00e7a lui chante, d&rsquo;\u00e9couter \u00e0 l&rsquo;envi France Culture et d&rsquo;\u00eatre lui-m\u00eame sans entrave.<\/p>\t\t\t\t\t\t\t\t<\/div>\n\t\t\t\t<div class=\"elementor-element elementor-element-2c03b78c elementor-widget elementor-widget-button\" data-id=\"2c03b78c\" data-element_type=\"widget\" data-e-type=\"widget\" data-widget_type=\"button.default\">\n\t\t\t\t\t\t\t\t\t\t<a class=\"elementor-button elementor-button-link elementor-size-sm\" href=\"https:\/\/podcast.ausha.co\/bon-vent\/jean-loup-chiflet\">\n\t\t\t\t\t\t<span class=\"elementor-button-content-wrapper\">\n\t\t\t\t\t\t\t\t\t<span class=\"elementor-button-text\">\u00c9coutez Jean-Loup<\/span>\n\t\t\t\t\t<\/span>\n\t\t\t\t\t<\/a>\n\t\t\t\t\t\t\t\t<\/div>\n\t\t\t\t\t<\/div>\n\t\t<\/div>\n\t\t\t\t<div class=\"elementor-column elementor-col-33 elementor-inner-column elementor-element elementor-element-31938752\" data-id=\"31938752\" data-element_type=\"column\" data-e-type=\"column\" data-settings=\"{&quot;background_background&quot;:&quot;classic&quot;}\">\n\t\t\t<div class=\"elementor-widget-wrap elementor-element-populated\">\n\t\t\t\t\t\t<div class=\"elementor-element elementor-element-1205fc07 elementor-widget elementor-widget-image\" data-id=\"1205fc07\" data-element_type=\"widget\" data-e-type=\"widget\" data-widget_type=\"image.default\">\n\t\t\t\t\t\t\t\t\t\t\t\t\t\t\t<img decoding=\"async\" width=\"563\" height=\"352\" src=\"https:\/\/myagencyinside.com\/maquettes\/gestion-retraite\/wp-content\/uploads\/2026\/01\/BONVENTOlivier_NBC-1.png\" class=\"attachment-large size-large wp-image-4051\" alt=\"\" srcset=\"https:\/\/myagencyinside.com\/maquettes\/gestion-retraite\/wp-content\/uploads\/2026\/01\/BONVENTOlivier_NBC-1.png 563w, https:\/\/myagencyinside.com\/maquettes\/gestion-retraite\/wp-content\/uploads\/2026\/01\/BONVENTOlivier_NBC-1-300x188.png 300w\" sizes=\"(max-width: 563px) 100vw, 563px\" \/>\t\t\t\t\t\t\t\t\t\t\t\t\t\t\t<\/div>\n\t\t\t\t<div class=\"elementor-element elementor-element-51966541 elementor-widget elementor-widget-heading\" data-id=\"51966541\" data-element_type=\"widget\" data-e-type=\"widget\" data-widget_type=\"heading.default\">\n\t\t\t\t\t<h3 class=\"elementor-heading-title elementor-size-default\">Olivier Legan<\/h3>\t\t\t\t<\/div>\n\t\t\t\t<div class=\"elementor-element elementor-element-6d0fe9f1 elementor-widget elementor-widget-text-editor\" data-id=\"6d0fe9f1\" data-element_type=\"widget\" data-e-type=\"widget\" data-widget_type=\"text-editor.default\">\n\t\t\t\t\t\t\t\t\t\u00c0 62 ans, Olivier Legan s&rsquo;appr\u00eate \u00e0 partir \u00e0 la retraite. Et cette nouvelle le ravit. Pour ce r\u00e9alisateur et dessinateur qui a v\u00e9cu pendant plus de 30 ans les vicissitudes de l&rsquo;intermittence, cette seconde \u00e9tape de vie rime avec s\u00e9curit\u00e9. Au micro de BON VENT !, Olivier se confie avec humour sur le paradoxe de la retraite, mouroir et grande libert\u00e9 \u00e0 la fois.\t\t\t\t\t\t\t\t<\/div>\n\t\t\t\t<div class=\"elementor-element elementor-element-3189c1e9 elementor-widget elementor-widget-button\" data-id=\"3189c1e9\" data-element_type=\"widget\" data-e-type=\"widget\" data-widget_type=\"button.default\">\n\t\t\t\t\t\t\t\t\t\t<a class=\"elementor-button elementor-button-link elementor-size-sm\" href=\"https:\/\/podcast.ausha.co\/bon-vent\/olivier-legan-realisateur-dessinateur\">\n\t\t\t\t\t\t<span class=\"elementor-button-content-wrapper\">\n\t\t\t\t\t\t\t\t\t<span class=\"elementor-button-text\">\u00c9coutez Olivier<\/span>\n\t\t\t\t\t<\/span>\n\t\t\t\t\t<\/a>\n\t\t\t\t\t\t\t\t<\/div>\n\t\t\t\t\t<\/div>\n\t\t<\/div>\n\t\t\t\t<div class=\"elementor-column elementor-col-33 elementor-inner-column elementor-element elementor-element-3e6a5eb2\" data-id=\"3e6a5eb2\" data-element_type=\"column\" data-e-type=\"column\" data-settings=\"{&quot;background_background&quot;:&quot;classic&quot;}\">\n\t\t\t<div class=\"elementor-widget-wrap elementor-element-populated\">\n\t\t\t\t\t\t<div class=\"elementor-element elementor-element-2309bd22 elementor-widget elementor-widget-image\" data-id=\"2309bd22\" data-element_type=\"widget\" data-e-type=\"widget\" data-widget_type=\"image.default\">\n\t\t\t\t\t\t\t\t\t\t\t\t\t\t\t<img loading=\"lazy\" decoding=\"async\" width=\"563\" height=\"352\" src=\"https:\/\/myagencyinside.com\/maquettes\/gestion-retraite\/wp-content\/uploads\/2026\/01\/PatrickBONVENT_SiteBis.png\" class=\"attachment-large size-large wp-image-4054\" alt=\"\" srcset=\"https:\/\/myagencyinside.com\/maquettes\/gestion-retraite\/wp-content\/uploads\/2026\/01\/PatrickBONVENT_SiteBis.png 563w, https:\/\/myagencyinside.com\/maquettes\/gestion-retraite\/wp-content\/uploads\/2026\/01\/PatrickBONVENT_SiteBis-300x188.png 300w\" sizes=\"(max-width: 563px) 100vw, 563px\" \/>\t\t\t\t\t\t\t\t\t\t\t\t\t\t\t<\/div>\n\t\t\t\t<div class=\"elementor-element elementor-element-370a3c5 elementor-widget elementor-widget-heading\" data-id=\"370a3c5\" data-element_type=\"widget\" data-e-type=\"widget\" data-widget_type=\"heading.default\">\n\t\t\t\t\t<h2 class=\"elementor-heading-title elementor-size-default\">Patrick Recroix<\/h2>\t\t\t\t<\/div>\n\t\t\t\t<div class=\"elementor-element elementor-element-7d9b9c36 elementor-widget elementor-widget-text-editor\" data-id=\"7d9b9c36\" data-element_type=\"widget\" data-e-type=\"widget\" data-widget_type=\"text-editor.default\">\n\t\t\t\t\t\t\t\t\t<p>Ancien DGA France de la filiale Signature de Vinci, Patrick Recroix est un retrait\u00e9 actif qui conjugue exp\u00e9rience, plaisir et passion en proposant ses services d\u2019expert immobilier agr\u00e9\u00e9. Au micro de BON VENT !, il nous r\u00e9v\u00e8le une vision r\u00e9solument dynamique de la retraite.<\/p>\t\t\t\t\t\t\t\t<\/div>\n\t\t\t\t<div class=\"elementor-element elementor-element-49ec1fc1 elementor-widget elementor-widget-button\" data-id=\"49ec1fc1\" data-element_type=\"widget\" data-e-type=\"widget\" data-widget_type=\"button.default\">\n\t\t\t\t\t\t\t\t\t\t<a class=\"elementor-button elementor-button-link elementor-size-sm\" href=\"https:\/\/podcast.ausha.co\/bon-vent\/bon-vent-avec-patrick-recroix\">\n\t\t\t\t\t\t<span class=\"elementor-button-content-wrapper\">\n\t\t\t\t\t\t\t\t\t<span class=\"elementor-button-text\">\u00c9coutez Patrick<\/span>\n\t\t\t\t\t<\/span>\n\t\t\t\t\t<\/a>\n\t\t\t\t\t\t\t\t<\/div>\n\t\t\t\t\t<\/div>\n\t\t<\/div>\n\t\t\t\t\t<\/div>\n\t\t<\/section>\n\t\t\t\t<section class=\"elementor-section elementor-inner-section elementor-element elementor-element-bdd9a47 elementor-section-boxed elementor-section-height-default elementor-section-height-default wpr-particle-no wpr-jarallax-no wpr-parallax-no wpr-sticky-section-no wpr-equal-height-no\" data-id=\"bdd9a47\" data-element_type=\"section\" data-e-type=\"section\">\n\t\t\t\t\t\t<div class=\"elementor-container elementor-column-gap-default\">\n\t\t\t\t\t<div class=\"elementor-column elementor-col-33 elementor-inner-column elementor-element elementor-element-8ebe26b\" data-id=\"8ebe26b\" data-element_type=\"column\" data-e-type=\"column\" data-settings=\"{&quot;background_background&quot;:&quot;classic&quot;}\">\n\t\t\t<div class=\"elementor-widget-wrap elementor-element-populated\">\n\t\t\t\t\t\t<div class=\"elementor-element elementor-element-474b4ce elementor-widget elementor-widget-image\" data-id=\"474b4ce\" data-element_type=\"widget\" data-e-type=\"widget\" data-widget_type=\"image.default\">\n\t\t\t\t\t\t\t\t\t\t\t\t\t\t\t<img loading=\"lazy\" decoding=\"async\" width=\"564\" height=\"353\" src=\"https:\/\/myagencyinside.com\/maquettes\/gestion-retraite\/wp-content\/uploads\/2026\/01\/IMGDidier_BVTer.png\" class=\"attachment-large size-large wp-image-4052\" alt=\"\" srcset=\"https:\/\/myagencyinside.com\/maquettes\/gestion-retraite\/wp-content\/uploads\/2026\/01\/IMGDidier_BVTer.png 564w, https:\/\/myagencyinside.com\/maquettes\/gestion-retraite\/wp-content\/uploads\/2026\/01\/IMGDidier_BVTer-300x188.png 300w\" sizes=\"(max-width: 564px) 100vw, 564px\" \/>\t\t\t\t\t\t\t\t\t\t\t\t\t\t\t<\/div>\n\t\t\t\t<div class=\"elementor-element elementor-element-0bdef98 elementor-widget elementor-widget-heading\" data-id=\"0bdef98\" data-element_type=\"widget\" data-e-type=\"widget\" data-widget_type=\"heading.default\">\n\t\t\t\t\t<h3 class=\"elementor-heading-title elementor-size-default\">Didier Quilain<\/h3>\t\t\t\t<\/div>\n\t\t\t\t<div class=\"elementor-element elementor-element-82ed659 elementor-widget elementor-widget-text-editor\" data-id=\"82ed659\" data-element_type=\"widget\" data-e-type=\"widget\" data-widget_type=\"text-editor.default\">\n\t\t\t\t\t\t\t\t\tPour l&rsquo;\u00e9pisode pilote de BON VENT, Nathalie Badaire a interview\u00e9 Didier Quilain, un ancien client f\u00e9ru de photographie. Apr\u00e8s une pr\u00e9sidence de plus de 20 ans au sein d&rsquo;Olympus, Didier est parti \u00e0 la retraite en douceur. Une seconde partie de vie qui rime avec \u00ab s\u00e9r\u00e9nit\u00e9, amusement et projet \u00bb.\t\t\t\t\t\t\t\t<\/div>\n\t\t\t\t<div class=\"elementor-element elementor-element-7ca31de elementor-widget elementor-widget-button\" data-id=\"7ca31de\" data-element_type=\"widget\" data-e-type=\"widget\" data-widget_type=\"button.default\">\n\t\t\t\t\t\t\t\t\t\t<a class=\"elementor-button elementor-button-link elementor-size-sm\" href=\"https:\/\/podcast.ausha.co\/bon-vent\/didier-quilain-mecene\">\n\t\t\t\t\t\t<span class=\"elementor-button-content-wrapper\">\n\t\t\t\t\t\t\t\t\t<span class=\"elementor-button-text\">\u00c9coutez Didier<\/span>\n\t\t\t\t\t<\/span>\n\t\t\t\t\t<\/a>\n\t\t\t\t\t\t\t\t<\/div>\n\t\t\t\t\t<\/div>\n\t\t<\/div>\n\t\t\t\t<div class=\"elementor-column elementor-col-33 elementor-inner-column elementor-element elementor-element-8169c4f\" data-id=\"8169c4f\" data-element_type=\"column\" data-e-type=\"column\" data-settings=\"{&quot;background_background&quot;:&quot;classic&quot;}\">\n\t\t\t<div class=\"elementor-widget-wrap elementor-element-populated\">\n\t\t\t\t\t\t<div class=\"elementor-element elementor-element-2b5d2da elementor-widget elementor-widget-image\" data-id=\"2b5d2da\" data-element_type=\"widget\" data-e-type=\"widget\" data-widget_type=\"image.default\">\n\t\t\t\t\t\t\t\t\t\t\t\t\t\t\t<img loading=\"lazy\" decoding=\"async\" width=\"564\" height=\"353\" src=\"https:\/\/myagencyinside.com\/maquettes\/gestion-retraite\/wp-content\/uploads\/2026\/01\/IMGEric_BC-1.png\" class=\"attachment-large size-large wp-image-4053\" alt=\"\" srcset=\"https:\/\/myagencyinside.com\/maquettes\/gestion-retraite\/wp-content\/uploads\/2026\/01\/IMGEric_BC-1.png 564w, https:\/\/myagencyinside.com\/maquettes\/gestion-retraite\/wp-content\/uploads\/2026\/01\/IMGEric_BC-1-300x188.png 300w\" sizes=\"(max-width: 564px) 100vw, 564px\" \/>\t\t\t\t\t\t\t\t\t\t\t\t\t\t\t<\/div>\n\t\t\t\t<div class=\"elementor-element elementor-element-ca5380c elementor-widget elementor-widget-heading\" data-id=\"ca5380c\" data-element_type=\"widget\" data-e-type=\"widget\" data-widget_type=\"heading.default\">\n\t\t\t\t\t<h3 class=\"elementor-heading-title elementor-size-default\">\u00c9ric Petremann<\/h3>\t\t\t\t<\/div>\n\t\t\t\t<div class=\"elementor-element elementor-element-7d542d3 elementor-widget elementor-widget-text-editor\" data-id=\"7d542d3\" data-element_type=\"widget\" data-e-type=\"widget\" data-widget_type=\"text-editor.default\">\n\t\t\t\t\t\t\t\t\t<p>Pour le deuxi\u00e8me \u00e9pisode de BON VENT, NB Consulting a le plaisir de donner la parole \u00e0 \u00c9ric Petremann (Darpan), ex-directeur de formation chez FORD France, aujourd&rsquo;hui coach de vie. Un t\u00e9moignage autour d&rsquo;une retraite rythm\u00e9e par la libert\u00e9, l&rsquo;int\u00e9grit\u00e9 et la gratitude.<\/p>\t\t\t\t\t\t\t\t<\/div>\n\t\t\t\t<div class=\"elementor-element elementor-element-fd96e69 elementor-widget elementor-widget-button\" data-id=\"fd96e69\" data-element_type=\"widget\" data-e-type=\"widget\" data-widget_type=\"button.default\">\n\t\t\t\t\t\t\t\t\t\t<a class=\"elementor-button elementor-button-link elementor-size-sm\" href=\"https:\/\/podcast.ausha.co\/bon-vent\/eric-petremann-darpan-coach-de-vie\">\n\t\t\t\t\t\t<span class=\"elementor-button-content-wrapper\">\n\t\t\t\t\t\t\t\t\t<span class=\"elementor-button-text\">\u00c9coutez Eric<\/span>\n\t\t\t\t\t<\/span>\n\t\t\t\t\t<\/a>\n\t\t\t\t\t\t\t\t<\/div>\n\t\t\t\t\t<\/div>\n\t\t<\/div>\n\t\t\t\t<div class=\"elementor-column elementor-col-33 elementor-inner-column elementor-element elementor-element-6e17cbd\" data-id=\"6e17cbd\" data-element_type=\"column\" data-e-type=\"column\">\n\t\t\t<div class=\"elementor-widget-wrap\">\n\t\t\t\t\t\t\t<\/div>\n\t\t<\/div>\n\t\t\t\t\t<\/div>\n\t\t<\/section>\n\t\t\t\t\t<\/div>\n\t\t<\/div>\n\t\t\t\t\t<\/div>\n\t\t<\/section>\n\t\t\t\t<\/div>\n\t\t","protected":false},"excerpt":{"rendered":"<p>BON VENT ! Le podcast qui donne envie d&rsquo;\u00eatre \u00e0 la retraite BON VENT ! donne la parole aux femmes et aux hommes qui s&rsquo;\u00e9panouissent \u00e0 la retraite. Au-del\u00e0 des aspects techniques et financiers, qu&rsquo;en ont-ils fait ? Comment se sont-ils projet\u00e9s ? Au micro de Nathalie BADAIRE, experte retraite, ils se confient sur la mani\u00e8re dont ils vivent cette nouvelle \u00e9tape de vie. Entre aspirations, projets de vie et qu\u00eate de libert\u00e9. Nos \u00e9pisodes de BON VENT ! Une vision inspirante de la retraite avec le podcast BON VENT ! Jean-Loup Chiflet \u00c0 82 ans, Jean-Loup Chiflet dit n&rsquo;avoir jamais autant travaill\u00e9. Apr\u00e8s une carri\u00e8re dans le milieu de l&rsquo;\u00e9dition, du packaging et du livre, cet homme de lettres jubile. Depuis qu&rsquo;il a pris sa retraite il y a 20 ans, il ne s&rsquo;est jamais senti aussi libre d&rsquo;aller \u00e0 son rythme, d&rsquo;\u00e9crire comme \u00e7a lui chante, d&rsquo;\u00e9couter \u00e0 l&rsquo;envi France Culture et d&rsquo;\u00eatre lui-m\u00eame sans entrave. \u00c9coutez Jean-Loup Olivier Legan \u00c0 62 ans, Olivier Legan s&rsquo;appr\u00eate \u00e0 partir \u00e0 la retraite. Et cette nouvelle le ravit. Pour ce r\u00e9alisateur et dessinateur qui a v\u00e9cu pendant plus de 30 ans les vicissitudes de l&rsquo;intermittence, cette seconde \u00e9tape de vie rime avec s\u00e9curit\u00e9. Au micro de BON VENT !, Olivier se confie avec humour sur le paradoxe de la retraite, mouroir et grande libert\u00e9 \u00e0 la fois. \u00c9coutez Olivier Patrick Recroix Ancien DGA France de la filiale Signature de Vinci, Patrick Recroix est un retrait\u00e9 actif qui conjugue exp\u00e9rience, plaisir et passion en proposant ses services d\u2019expert immobilier agr\u00e9\u00e9. Au micro de BON VENT !, il nous r\u00e9v\u00e8le une vision r\u00e9solument dynamique de la retraite. \u00c9coutez Patrick Didier Quilain Pour l&rsquo;\u00e9pisode pilote de BON VENT, Nathalie Badaire a interview\u00e9 Didier Quilain, un ancien client f\u00e9ru de photographie. Apr\u00e8s une pr\u00e9sidence de plus de 20 ans au sein d&rsquo;Olympus, Didier est parti \u00e0 la retraite en douceur. Une seconde partie de vie qui rime avec \u00ab s\u00e9r\u00e9nit\u00e9, amusement et projet \u00bb. \u00c9coutez Didier \u00c9ric Petremann Pour le deuxi\u00e8me \u00e9pisode de BON VENT, NB Consulting a le plaisir de donner la parole \u00e0 \u00c9ric Petremann (Darpan), ex-directeur de formation chez FORD France, aujourd&rsquo;hui coach de vie. Un t\u00e9moignage autour d&rsquo;une retraite rythm\u00e9e par la libert\u00e9, l&rsquo;int\u00e9grit\u00e9 et la gratitude. \u00c9coutez Eric<\/p>\n","protected":false},"author":1,"featured_media":0,"parent":0,"menu_order":0,"comment_status":"closed","ping_status":"closed","template":"","meta":{"footnotes":""},"class_list":["post-4041","page","type-page","status-publish","hentry"],"_links":{"self":[{"href":"https:\/\/myagencyinside.com\/maquettes\/gestion-retraite\/wp-json\/wp\/v2\/pages\/4041","targetHints":{"allow":["GET"]}}],"collection":[{"href":"https:\/\/myagencyinside.com\/maquettes\/gestion-retraite\/wp-json\/wp\/v2\/pages"}],"about":[{"href":"https:\/\/myagencyinside.com\/maquettes\/gestion-retraite\/wp-json\/wp\/v2\/types\/page"}],"author":[{"embeddable":true,"href":"https:\/\/myagencyinside.com\/maquettes\/gestion-retraite\/wp-json\/wp\/v2\/users\/1"}],"replies":[{"embeddable":true,"href":"https:\/\/myagencyinside.com\/maquettes\/gestion-retraite\/wp-json\/wp\/v2\/comments?post=4041"}],"version-history":[{"count":7,"href":"https:\/\/myagencyinside.com\/maquettes\/gestion-retraite\/wp-json\/wp\/v2\/pages\/4041\/revisions"}],"predecessor-version":[{"id":4057,"href":"https:\/\/myagencyinside.com\/maquettes\/gestion-retraite\/wp-json\/wp\/v2\/pages\/4041\/revisions\/4057"}],"wp:attachment":[{"href":"https:\/\/myagencyinside.com\/maquettes\/gestion-retraite\/wp-json\/wp\/v2\/media?parent=4041"}],"curies":[{"name":"wp","href":"https:\/\/api.w.org\/{rel}","templated":true}]}}