{"id":2423,"date":"2025-09-26T10:57:04","date_gmt":"2025-09-26T08:57:04","guid":{"rendered":"https:\/\/myagencyinside.com\/maquettes\/son-plus-beau-reve\/?page_id=2423"},"modified":"2025-09-30T21:58:21","modified_gmt":"2025-09-30T19:58:21","slug":"ils-ont-realise-leur-reve","status":"publish","type":"page","link":"https:\/\/myagencyinside.com\/maquettes\/son-plus-beau-reve\/ils-ont-realise-leur-reve\/","title":{"rendered":"Ils ont r\u00e9alis\u00e9 leur r\u00eave"},"content":{"rendered":"\t\t<div data-elementor-type=\"wp-page\" data-elementor-id=\"2423\" class=\"elementor elementor-2423\">\n\t\t\t\t<div class=\"elementor-element elementor-element-1e48ced9 e-flex e-con-boxed wpr-particle-no wpr-jarallax-no wpr-parallax-no wpr-sticky-section-no e-con e-parent\" data-id=\"1e48ced9\" data-element_type=\"container\" data-settings=\"{&quot;background_background&quot;:&quot;classic&quot;}\">\n\t\t\t\t\t<div class=\"e-con-inner\">\n\t\t\t\t<div class=\"elementor-element elementor-element-67bd90f2 elementor-widget elementor-widget-heading\" data-id=\"67bd90f2\" data-element_type=\"widget\" data-widget_type=\"heading.default\">\n\t\t\t\t<div class=\"elementor-widget-container\">\n\t\t\t\t\t<h1 class=\"elementor-heading-title elementor-size-default\"><br>Ils ont r\u00e9alis\u00e9 leur r\u00eave<\/h1>\t\t\t\t<\/div>\n\t\t\t\t<\/div>\n\t\t\t\t\t<\/div>\n\t\t\t\t<\/div>\n\t\t<div class=\"elementor-element elementor-element-2c3aef01 e-flex e-con-boxed wpr-particle-no wpr-jarallax-no wpr-parallax-no wpr-sticky-section-no e-con e-parent\" data-id=\"2c3aef01\" data-element_type=\"container\">\n\t\t\t\t\t<div class=\"e-con-inner\">\n\t\t\t\t<div class=\"elementor-element elementor-element-58062967 elementor-widget elementor-widget-heading\" data-id=\"58062967\" data-element_type=\"widget\" data-widget_type=\"heading.default\">\n\t\t\t\t<div class=\"elementor-widget-container\">\n\t\t\t\t\t<h2 class=\"elementor-heading-title elementor-size-default\">Des histoires qui nous inspirent<\/h2>\t\t\t\t<\/div>\n\t\t\t\t<\/div>\n\t\t\t\t<div class=\"elementor-element elementor-element-5075dcf elementor-widget elementor-widget-heading\" data-id=\"5075dcf\" data-element_type=\"widget\" data-widget_type=\"heading.default\">\n\t\t\t\t<div class=\"elementor-widget-container\">\n\t\t\t\t\t<h2 class=\"elementor-heading-title elementor-size-default\">D\u00e9couvrez leurs t\u00e9moignages<\/h2>\t\t\t\t<\/div>\n\t\t\t\t<\/div>\n\t\t\t\t<div class=\"elementor-element elementor-element-1e908be3 elementor-widget__width-initial elementor-widget elementor-widget-text-editor\" data-id=\"1e908be3\" data-element_type=\"widget\" data-widget_type=\"text-editor.default\">\n\t\t\t\t<div class=\"elementor-widget-container\">\n\t\t\t\t\t\t\t\t\t<p><em><span style=\"font-weight: 400;\">\u00ab\u00a0Ce fut un immense bonheur pour nous, \u00e0 Espace Renaissance, de nous associer \u00e0 <\/span><span style=\"font-weight: 400;\">Son Plus Beau R\u00eave<\/span><span style=\"font-weight: 400;\"> pour offrir une journ\u00e9e exceptionnelle \u00e0 plus de 100 enfants, ici \u00e0 S\u00e8te.<\/span><\/em><\/p><p><em><span style=\"font-weight: 400;\">Gr\u00e2ce \u00e0 la magie du cin\u00e9ma, \u00e0 la tendresse des peluches et \u00e0 l\u2019\u00e9nergie collective de partenaires engag\u00e9s \u2013 notamment les sapeurs-pompiers de S\u00e8te \u2013 nous avons pu cr\u00e9er un moment suspendu, rempli de rires, d\u2019\u00e9merveillement et de douceur.<\/span><\/em><\/p><p><em><span style=\"font-weight: 400;\">Voir ces enfants repartir avec des \u00e9toiles plein les yeux et une peluche dans les bras, c\u2019est pour nous la plus belle des r\u00e9compenses. Cela nous rappelle \u00e0 quel point il est essentiel de rendre la culture, les loisirs et les petits plaisirs accessibles \u00e0 tous, sans distinction.<\/span><\/em><\/p><p><em><span style=\"font-weight: 400;\">Merci du fond du c\u0153ur \u00e0 tous les donateurs et partenaires qui rendent ces projets possibles, qu\u2019ils soient modestes ou ambitieux. Votre soutien transforme des r\u00eaves en r\u00e9alit\u00e9, et surtout, il apporte de la joie l\u00e0 o\u00f9 elle est le plus n\u00e9cessaire.<\/span><\/em><\/p><p><em><span style=\"font-weight: 400;\">Ensemble, continuons \u00e0 semer des sourires et \u00e0 cr\u00e9er des souvenirs que ces enfants n\u2019oublieront jamais.\u00a0\u00bb<\/span><\/em><\/p><h5><span style=\"font-weight: 400;\"><strong>Joel Fernandez<\/strong><\/span><\/h5><p><span style=\"font-weight: 400;\">Pr\u00e9sident de l\u2019association<\/span><\/p>\t\t\t\t\t\t\t\t<\/div>\n\t\t\t\t<\/div>\n\t\t\t\t\t<\/div>\n\t\t\t\t<\/div>\n\t\t<div class=\"elementor-element elementor-element-ddbc2e0 e-flex e-con-boxed wpr-particle-no wpr-jarallax-no wpr-parallax-no wpr-sticky-section-no e-con e-parent\" data-id=\"ddbc2e0\" data-element_type=\"container\">\n\t\t\t\t\t<div class=\"e-con-inner\">\n\t\t\t\t<div class=\"elementor-element elementor-element-07340fe wpr-grid-columns-3 wpr-grid-columns--laptop3 wpr-grid-columns--tablet2 wpr-grid-columns--mobile1 wpr-item-styles-inner elementor-widget elementor-widget-wpr-grid\" data-id=\"07340fe\" data-element_type=\"widget\" data-widget_type=\"wpr-grid.default\">\n\t\t\t\t<div class=\"elementor-widget-container\">\n\t\t\t\t\t<ul class=\"wpr-grid-filters elementor-clearfix wpr-grid-filters-sep-right\"><li class=\" wpr-pointer-none wpr-pointer-line-fx wpr-pointer-fx-none\"><span  data-filter=\"*\" class=\"wpr-grid-filters-item wpr-active-filter \">All Posts<\/span><em class=\"wpr-grid-filters-sep\"><\/em><\/li><li class=\" wpr-pointer-none wpr-pointer-line-fx wpr-pointer-fx-none\"><span   data-ajax-filter=[\"category\",\"reves-a-linternational\"]  data-filter=\".category-reves-a-linternational\">R\u00eaves \u00e0 l&#039;international<\/span><em class=\"wpr-grid-filters-sep\"><\/em><\/li><li class=\" wpr-pointer-none wpr-pointer-line-fx wpr-pointer-fx-none\"><span   data-ajax-filter=[\"category\",\"reves-en-groupe\"]  data-filter=\".category-reves-en-groupe\">R\u00eaves en groupe<\/span><em class=\"wpr-grid-filters-sep\"><\/em><\/li><li class=\" wpr-pointer-none wpr-pointer-line-fx wpr-pointer-fx-none\"><span   data-ajax-filter=[\"category\",\"reves-solo\"]  data-filter=\".category-reves-solo\">R\u00eaves solo<\/span><em class=\"wpr-grid-filters-sep\"><\/em><\/li><\/ul><section class=\"wpr-grid elementor-clearfix\" data-settings=\"{&quot;layout&quot;:&quot;fitRows&quot;,&quot;stick_last_element_to_bottom&quot;:&quot;&quot;,&quot;columns_desktop&quot;:3,&quot;gutter_hr&quot;:15,&quot;gutter_hr_mobile&quot;:15,&quot;gutter_hr_mobile_extra&quot;:15,&quot;gutter_hr_tablet&quot;:15,&quot;gutter_hr_tablet_extra&quot;:15,&quot;gutter_hr_laptop&quot;:15,&quot;gutter_hr_widescreen&quot;:15,&quot;gutter_vr&quot;:22,&quot;gutter_vr_mobile&quot;:22,&quot;gutter_vr_mobile_extra&quot;:22,&quot;gutter_vr_tablet&quot;:22,&quot;gutter_vr_tablet_extra&quot;:22,&quot;gutter_vr_laptop&quot;:22,&quot;gutter_vr_widescreen&quot;:22,&quot;animation&quot;:&quot;default&quot;,&quot;animation_duration&quot;:0.3,&quot;animation_delay&quot;:0.1,&quot;deeplinking&quot;:&quot;&quot;,&quot;filters_linkable&quot;:&quot;no&quot;,&quot;filters_default_filter&quot;:&quot;&quot;,&quot;filters_count&quot;:&quot;&quot;,&quot;filters_hide_empty&quot;:&quot;no&quot;,&quot;filters_animation&quot;:&quot;default&quot;,&quot;filters_animation_duration&quot;:0.3,&quot;filters_animation_delay&quot;:0.1,&quot;pagination_type&quot;:&quot;load-more&quot;,&quot;pagination_max_pages&quot;:1,&quot;lightbox&quot;:{&quot;selector&quot;:&quot;.wpr-grid-image-wrap&quot;,&quot;iframeMaxWidth&quot;:&quot;60%&quot;,&quot;hash&quot;:false,&quot;autoplay&quot;:&quot;true&quot;,&quot;pause&quot;:5000,&quot;progressBar&quot;:&quot;true&quot;,&quot;counter&quot;:&quot;true&quot;,&quot;controls&quot;:&quot;true&quot;,&quot;getCaptionFromTitleOrAlt&quot;:&quot;true&quot;,&quot;thumbnail&quot;:&quot;&quot;,&quot;showThumbByDefault&quot;:&quot;&quot;,&quot;share&quot;:&quot;&quot;,&quot;zoom&quot;:&quot;true&quot;,&quot;fullScreen&quot;:&quot;true&quot;,&quot;download&quot;:&quot;true&quot;}}\"><article class=\"wpr-grid-item elementor-clearfix post-315 post type-post status-publish format-standard has-post-thumbnail hentry category-reves-a-linternational\"><div class=\"wpr-grid-item-inner\"><div class=\"wpr-grid-media-wrap wpr-effect-size-medium \" data-overlay-link=\"yes\"><div class=\"wpr-grid-image-wrap\" data-src=\"https:\/\/myagencyinside.com\/maquettes\/son-plus-beau-reve\/wp-content\/uploads\/2025\/09\/son-plus-beau-reve-gerault-harry-potter-7.jpg\" data-img-on-hover=\"\"  data-src-secondary=\"\"><img decoding=\"async\" data-no-lazy=\"1\" src=\"https:\/\/myagencyinside.com\/maquettes\/son-plus-beau-reve\/wp-content\/uploads\/2025\/09\/son-plus-beau-reve-gerault-harry-potter-7.jpg\" alt=\"Le r\u00eave de G\u00e9rault : D\u00e9couvrir Harry Potter \u00e0 Londres\" class=\"wpr-anim-timing-ease-default\"><\/div><div class=\"wpr-grid-media-hover wpr-animation-wrap\"><div class=\"wpr-grid-media-hover-bg  wpr-overlay-fade-in wpr-anim-size-large wpr-anim-timing-ease-default wpr-anim-transparency\" data-url=\"https:\/\/myagencyinside.com\/maquettes\/son-plus-beau-reve\/2023\/12\/27\/le-reve-de-gerault-decouvrir-harry-potter-a-londres\/\"><\/div><\/div><\/div><div class=\"wpr-grid-item-below-content elementor-clearfix\"><h2 class=\"wpr-grid-item-title elementor-repeater-item-e0abc0c wpr-grid-item-display-block wpr-grid-item-align-left wpr-pointer-none wpr-pointer-line-fx wpr-pointer-fx-fade\"><div class=\"inner-block\"><a target=\"_self\"  href=\"https:\/\/myagencyinside.com\/maquettes\/son-plus-beau-reve\/2023\/12\/27\/le-reve-de-gerault-decouvrir-harry-potter-a-londres\/\">Le r\u00eave de G\u00e9rault : D\u00e9couvrir Harry Potter \u00e0 Londres<\/a><\/div><\/h2><div class=\"wpr-grid-item-excerpt elementor-repeater-item-03ca9d0 wpr-grid-item-display-block wpr-grid-item-align-left\"><div class=\"inner-block\"><p>\u00ab\u00a0Le jour o\u00f9 j\u2019ai vu Poudlard en vrai\u00a0\u00bb \u00ab\u00a0Je m\u2019appelle Gerault, j\u2019ai 7 ans et je suis un tr\u00e8s grand...<\/p><\/div><\/div><div class=\"wpr-grid-item-read-more elementor-repeater-item-2f4e624 wpr-grid-item-display-block wpr-grid-item-align-left\"><div class=\"inner-block\"><a target=\"_self\" href=\"https:\/\/myagencyinside.com\/maquettes\/son-plus-beau-reve\/2023\/12\/27\/le-reve-de-gerault-decouvrir-harry-potter-a-londres\/\" class=\"wpr-button-effect wpr-button-none\"><span>Lire la suite<\/span><\/a><\/div><\/div><\/div><\/div><\/article><article class=\"wpr-grid-item elementor-clearfix post-314 post type-post status-publish format-standard has-post-thumbnail hentry category-reves-solo\"><div class=\"wpr-grid-item-inner\"><div class=\"wpr-grid-media-wrap wpr-effect-size-medium \" data-overlay-link=\"yes\"><div class=\"wpr-grid-image-wrap\" data-src=\"https:\/\/myagencyinside.com\/maquettes\/son-plus-beau-reve\/wp-content\/uploads\/2025\/09\/son-plus-beau-reve-clement-baleine-et-dauphin-dans-l-ocean-4-1024x576.jpg\" data-img-on-hover=\"\"  data-src-secondary=\"\"><img decoding=\"async\" data-no-lazy=\"1\" src=\"https:\/\/myagencyinside.com\/maquettes\/son-plus-beau-reve\/wp-content\/uploads\/2025\/09\/son-plus-beau-reve-clement-baleine-et-dauphin-dans-l-ocean-4-1024x576.jpg\" alt=\"Le r\u00eave de Cl\u00e9ment : Rencontrer des baleine et dauphins dans l&rsquo;oc\u00e9an\" class=\"wpr-anim-timing-ease-default\"><\/div><div class=\"wpr-grid-media-hover wpr-animation-wrap\"><div class=\"wpr-grid-media-hover-bg  wpr-overlay-fade-in wpr-anim-size-large wpr-anim-timing-ease-default wpr-anim-transparency\" data-url=\"https:\/\/myagencyinside.com\/maquettes\/son-plus-beau-reve\/2023\/12\/26\/circle-time-celebrations-sharing-smiles-and-stories\/\"><\/div><\/div><\/div><div class=\"wpr-grid-item-below-content elementor-clearfix\"><h2 class=\"wpr-grid-item-title elementor-repeater-item-e0abc0c wpr-grid-item-display-block wpr-grid-item-align-left wpr-pointer-none wpr-pointer-line-fx wpr-pointer-fx-fade\"><div class=\"inner-block\"><a target=\"_self\"  href=\"https:\/\/myagencyinside.com\/maquettes\/son-plus-beau-reve\/2023\/12\/26\/circle-time-celebrations-sharing-smiles-and-stories\/\">Le r\u00eave de Cl\u00e9ment : Rencontrer des baleine et dauphins dans l&rsquo;oc\u00e9an<\/a><\/div><\/h2><div class=\"wpr-grid-item-read-more elementor-repeater-item-2f4e624 wpr-grid-item-display-block wpr-grid-item-align-left\"><div class=\"inner-block\"><a target=\"_self\" href=\"https:\/\/myagencyinside.com\/maquettes\/son-plus-beau-reve\/2023\/12\/26\/circle-time-celebrations-sharing-smiles-and-stories\/\" class=\"wpr-button-effect wpr-button-none\"><span>Lire la suite<\/span><\/a><\/div><\/div><\/div><\/div><\/article><article class=\"wpr-grid-item elementor-clearfix post-313 post type-post status-publish format-standard has-post-thumbnail hentry category-reves-solo\"><div class=\"wpr-grid-item-inner\"><div class=\"wpr-grid-media-wrap wpr-effect-size-medium \" data-overlay-link=\"yes\"><div class=\"wpr-grid-image-wrap\" data-src=\"https:\/\/myagencyinside.com\/maquettes\/son-plus-beau-reve\/wp-content\/uploads\/2025\/09\/son-plus-beau-reve-theo-panda-zoo-de-beauval-4-1024x768.jpg\" data-img-on-hover=\"\"  data-src-secondary=\"\"><img decoding=\"async\" data-no-lazy=\"1\" src=\"https:\/\/myagencyinside.com\/maquettes\/son-plus-beau-reve\/wp-content\/uploads\/2025\/09\/son-plus-beau-reve-theo-panda-zoo-de-beauval-4-1024x768.jpg\" alt=\"Le r\u00eave de Th\u00e9o : Rencontrer des pandas au Zoo de Beauval\" class=\"wpr-anim-timing-ease-default\"><\/div><div class=\"wpr-grid-media-hover wpr-animation-wrap\"><div class=\"wpr-grid-media-hover-bg  wpr-overlay-fade-in wpr-anim-size-large wpr-anim-timing-ease-default wpr-anim-transparency\" data-url=\"https:\/\/myagencyinside.com\/maquettes\/son-plus-beau-reve\/2023\/12\/26\/tiny-scientists-on-the-loose-preschool-science-wonders\/\"><\/div><\/div><\/div><div class=\"wpr-grid-item-below-content elementor-clearfix\"><h2 class=\"wpr-grid-item-title elementor-repeater-item-e0abc0c wpr-grid-item-display-block wpr-grid-item-align-left wpr-pointer-none wpr-pointer-line-fx wpr-pointer-fx-fade\"><div class=\"inner-block\"><a target=\"_self\"  href=\"https:\/\/myagencyinside.com\/maquettes\/son-plus-beau-reve\/2023\/12\/26\/tiny-scientists-on-the-loose-preschool-science-wonders\/\">Le r\u00eave de Th\u00e9o : Rencontrer des pandas au Zoo de Beauval<\/a><\/div><\/h2><div class=\"wpr-grid-item-read-more elementor-repeater-item-2f4e624 wpr-grid-item-display-block wpr-grid-item-align-left\"><div class=\"inner-block\"><a target=\"_self\" href=\"https:\/\/myagencyinside.com\/maquettes\/son-plus-beau-reve\/2023\/12\/26\/tiny-scientists-on-the-loose-preschool-science-wonders\/\" class=\"wpr-button-effect wpr-button-none\"><span>Lire la suite<\/span><\/a><\/div><\/div><\/div><\/div><\/article><article class=\"wpr-grid-item elementor-clearfix post-312 post type-post status-publish format-standard has-post-thumbnail hentry category-reves-en-groupe\"><div class=\"wpr-grid-item-inner\"><div class=\"wpr-grid-media-wrap wpr-effect-size-medium \" data-overlay-link=\"yes\"><div class=\"wpr-grid-image-wrap\" data-src=\"https:\/\/myagencyinside.com\/maquettes\/son-plus-beau-reve\/wp-content\/uploads\/2025\/09\/son-plus-beau-reve-blackliner-moto-show-1-1024x768.jpg\" data-img-on-hover=\"\"  data-src-secondary=\"\"><img decoding=\"async\" data-no-lazy=\"1\" src=\"https:\/\/myagencyinside.com\/maquettes\/son-plus-beau-reve\/wp-content\/uploads\/2025\/09\/son-plus-beau-reve-blackliner-moto-show-1-1024x768.jpg\" alt=\"Le r\u00eave de 10 enfants : Assister au spectacle moto Blackliner Freestyle Show\" class=\"wpr-anim-timing-ease-default\"><\/div><div class=\"wpr-grid-media-hover wpr-animation-wrap\"><div class=\"wpr-grid-media-hover-bg  wpr-overlay-fade-in wpr-anim-size-large wpr-anim-timing-ease-default wpr-anim-transparency\" data-url=\"https:\/\/myagencyinside.com\/maquettes\/son-plus-beau-reve\/2023\/12\/26\/abcs-and-123s-journeying-through-preschool-with-joy\/\"><\/div><\/div><\/div><div class=\"wpr-grid-item-below-content elementor-clearfix\"><h2 class=\"wpr-grid-item-title elementor-repeater-item-e0abc0c wpr-grid-item-display-block wpr-grid-item-align-left wpr-pointer-none wpr-pointer-line-fx wpr-pointer-fx-fade\"><div class=\"inner-block\"><a target=\"_self\"  href=\"https:\/\/myagencyinside.com\/maquettes\/son-plus-beau-reve\/2023\/12\/26\/abcs-and-123s-journeying-through-preschool-with-joy\/\">Le r\u00eave de 10 enfants : Assister au spectacle moto Blackliner Freestyle Show<\/a><\/div><\/h2><div class=\"wpr-grid-item-read-more elementor-repeater-item-2f4e624 wpr-grid-item-display-block wpr-grid-item-align-left\"><div class=\"inner-block\"><a target=\"_self\" href=\"https:\/\/myagencyinside.com\/maquettes\/son-plus-beau-reve\/2023\/12\/26\/abcs-and-123s-journeying-through-preschool-with-joy\/\" class=\"wpr-button-effect wpr-button-none\"><span>Lire la suite<\/span><\/a><\/div><\/div><\/div><\/div><\/article><article class=\"wpr-grid-item elementor-clearfix post-311 post type-post status-publish format-standard has-post-thumbnail hentry category-reves-en-groupe\"><div class=\"wpr-grid-item-inner\"><div class=\"wpr-grid-media-wrap wpr-effect-size-medium \" data-overlay-link=\"yes\"><div class=\"wpr-grid-image-wrap\" data-src=\"https:\/\/myagencyinside.com\/maquettes\/son-plus-beau-reve\/wp-content\/uploads\/2025\/09\/son-plus-beau-reve-match-montpellier-herault-2-1024x768.jpg\" data-img-on-hover=\"\"  data-src-secondary=\"\"><img decoding=\"async\" data-no-lazy=\"1\" src=\"https:\/\/myagencyinside.com\/maquettes\/son-plus-beau-reve\/wp-content\/uploads\/2025\/09\/son-plus-beau-reve-match-montpellier-herault-2-1024x768.jpg\" alt=\"Le r\u00eave de 11 enfants : Assister au match Montpellier H\u00e9rault\" class=\"wpr-anim-timing-ease-default\"><\/div><div class=\"wpr-grid-media-hover wpr-animation-wrap\"><div class=\"wpr-grid-media-hover-bg  wpr-overlay-fade-in wpr-anim-size-large wpr-anim-timing-ease-default wpr-anim-transparency\" data-url=\"https:\/\/myagencyinside.com\/maquettes\/son-plus-beau-reve\/2023\/12\/26\/playful-learning-where-every-day-is-a-new-discovery\/\"><\/div><\/div><\/div><div class=\"wpr-grid-item-below-content elementor-clearfix\"><h2 class=\"wpr-grid-item-title elementor-repeater-item-e0abc0c wpr-grid-item-display-block wpr-grid-item-align-left wpr-pointer-none wpr-pointer-line-fx wpr-pointer-fx-fade\"><div class=\"inner-block\"><a target=\"_self\"  href=\"https:\/\/myagencyinside.com\/maquettes\/son-plus-beau-reve\/2023\/12\/26\/playful-learning-where-every-day-is-a-new-discovery\/\">Le r\u00eave de 11 enfants : Assister au match Montpellier H\u00e9rault<\/a><\/div><\/h2><div class=\"wpr-grid-item-read-more elementor-repeater-item-2f4e624 wpr-grid-item-display-block wpr-grid-item-align-left\"><div class=\"inner-block\"><a target=\"_self\" href=\"https:\/\/myagencyinside.com\/maquettes\/son-plus-beau-reve\/2023\/12\/26\/playful-learning-where-every-day-is-a-new-discovery\/\" class=\"wpr-button-effect wpr-button-none\"><span>Lire la suite<\/span><\/a><\/div><\/div><\/div><\/div><\/article><article class=\"wpr-grid-item elementor-clearfix post-310 post type-post status-publish format-standard has-post-thumbnail hentry category-reves-solo\"><div class=\"wpr-grid-item-inner\"><div class=\"wpr-grid-media-wrap wpr-effect-size-medium \" data-overlay-link=\"yes\"><div class=\"wpr-grid-image-wrap\" data-src=\"https:\/\/myagencyinside.com\/maquettes\/son-plus-beau-reve\/wp-content\/uploads\/2023\/12\/AdobeStock_1705626651-1024x681.jpeg\" data-img-on-hover=\"\"  data-src-secondary=\"\"><img decoding=\"async\" data-no-lazy=\"1\" src=\"https:\/\/myagencyinside.com\/maquettes\/son-plus-beau-reve\/wp-content\/uploads\/2023\/12\/AdobeStock_1705626651-1024x681.jpeg\" alt=\"Le r\u00eave de Emma : D\u00e9couvrir le Zoo de La Fl\u00e8che\" class=\"wpr-anim-timing-ease-default\"><\/div><div class=\"wpr-grid-media-hover wpr-animation-wrap\"><div class=\"wpr-grid-media-hover-bg  wpr-overlay-fade-in wpr-anim-size-large wpr-anim-timing-ease-default wpr-anim-transparency\" data-url=\"https:\/\/myagencyinside.com\/maquettes\/son-plus-beau-reve\/2023\/12\/26\/tiny-tot-adventures-a-peek-into-our-preschool-world\/\"><\/div><\/div><\/div><div class=\"wpr-grid-item-below-content elementor-clearfix\"><h2 class=\"wpr-grid-item-title elementor-repeater-item-e0abc0c wpr-grid-item-display-block wpr-grid-item-align-left wpr-pointer-none wpr-pointer-line-fx wpr-pointer-fx-fade\"><div class=\"inner-block\"><a target=\"_self\"  href=\"https:\/\/myagencyinside.com\/maquettes\/son-plus-beau-reve\/2023\/12\/26\/tiny-tot-adventures-a-peek-into-our-preschool-world\/\">Le r\u00eave de Emma : D\u00e9couvrir le Zoo de La Fl\u00e8che<\/a><\/div><\/h2><div class=\"wpr-grid-item-excerpt elementor-repeater-item-03ca9d0 wpr-grid-item-display-block wpr-grid-item-align-left\"><div class=\"inner-block\"><p>Gr\u00e2ce \u00e0 l\u2019association, Emma et ses six fr\u00e8res et s\u0153urs ont v\u00e9cu un s\u00e9jour f\u00e9\u00e9rique au zoo de La Fl\u00e8che,...<\/p><\/div><\/div><div class=\"wpr-grid-item-read-more elementor-repeater-item-2f4e624 wpr-grid-item-display-block wpr-grid-item-align-left\"><div class=\"inner-block\"><a target=\"_self\" href=\"https:\/\/myagencyinside.com\/maquettes\/son-plus-beau-reve\/2023\/12\/26\/tiny-tot-adventures-a-peek-into-our-preschool-world\/\" class=\"wpr-button-effect wpr-button-none\"><span>Lire la suite<\/span><\/a><\/div><\/div><\/div><\/div><\/article><\/section>\t\t\t\t<\/div>\n\t\t\t\t<\/div>\n\t\t\t\t\t<\/div>\n\t\t\t\t<\/div>\n\t\t\t\t<\/div>\n\t\t","protected":false},"excerpt":{"rendered":"<p>Ils ont r\u00e9alis\u00e9 leur r\u00eave Des histoires qui nous inspirent D\u00e9couvrez leurs t\u00e9moignages \u00ab\u00a0Ce fut un immense bonheur pour nous, \u00e0 Espace Renaissance, de nous associer \u00e0 Son Plus Beau R\u00eave pour offrir une journ\u00e9e exceptionnelle \u00e0 plus de 100 enfants, ici \u00e0 S\u00e8te. Gr\u00e2ce \u00e0 la magie du cin\u00e9ma, \u00e0 la tendresse des peluches et \u00e0 l\u2019\u00e9nergie collective de partenaires engag\u00e9s \u2013 notamment les sapeurs-pompiers de S\u00e8te \u2013 nous avons pu cr\u00e9er un moment suspendu, rempli de rires, d\u2019\u00e9merveillement et de douceur. Voir ces enfants repartir avec des \u00e9toiles plein les yeux et une peluche dans les bras, c\u2019est pour nous la plus belle des r\u00e9compenses. Cela nous rappelle \u00e0 quel point il est essentiel de rendre la culture, les loisirs et les petits plaisirs accessibles \u00e0 tous, sans distinction. Merci du fond du c\u0153ur \u00e0 tous les donateurs et partenaires qui rendent ces projets possibles, qu\u2019ils soient modestes ou ambitieux. Votre soutien transforme des r\u00eaves en r\u00e9alit\u00e9, et surtout, il apporte de la joie l\u00e0 o\u00f9 elle est le plus n\u00e9cessaire. Ensemble, continuons \u00e0 semer des sourires et \u00e0 cr\u00e9er des souvenirs que ces enfants n\u2019oublieront jamais.\u00a0\u00bb Joel Fernandez Pr\u00e9sident de l\u2019association All Posts R\u00eaves \u00e0 l&#039;international R\u00eaves en groupe R\u00eaves solo Le r\u00eave de G\u00e9rault : D\u00e9couvrir Harry Potter \u00e0 Londres \u00ab\u00a0Le jour o\u00f9 j\u2019ai vu Poudlard en vrai\u00a0\u00bb \u00ab\u00a0Je m\u2019appelle Gerault, j\u2019ai 7 ans et je suis un tr\u00e8s grand&#8230; Lire la suite Le r\u00eave de Cl\u00e9ment : Rencontrer des baleine et dauphins dans l&rsquo;oc\u00e9an Lire la suite Le r\u00eave de Th\u00e9o : Rencontrer des pandas au Zoo de Beauval Lire la suite Le r\u00eave de 10 enfants : Assister au spectacle moto Blackliner Freestyle Show Lire la suite Le r\u00eave de 11 enfants : Assister au match Montpellier H\u00e9rault Lire la suite Le r\u00eave de Emma : D\u00e9couvrir le Zoo de La Fl\u00e8che Gr\u00e2ce \u00e0 l\u2019association, Emma et ses six fr\u00e8res et s\u0153urs ont v\u00e9cu un s\u00e9jour f\u00e9\u00e9rique au zoo de La Fl\u00e8che,&#8230; Lire la suite<\/p>\n","protected":false},"author":1,"featured_media":0,"parent":0,"menu_order":0,"comment_status":"closed","ping_status":"closed","template":"elementor_canvas","meta":{"_seopress_robots_primary_cat":"","_seopress_titles_title":"","_seopress_titles_desc":"","_seopress_robots_index":"","footnotes":""},"class_list":["post-2423","page","type-page","status-publish","hentry"],"_links":{"self":[{"href":"https:\/\/myagencyinside.com\/maquettes\/son-plus-beau-reve\/wp-json\/wp\/v2\/pages\/2423","targetHints":{"allow":["GET"]}}],"collection":[{"href":"https:\/\/myagencyinside.com\/maquettes\/son-plus-beau-reve\/wp-json\/wp\/v2\/pages"}],"about":[{"href":"https:\/\/myagencyinside.com\/maquettes\/son-plus-beau-reve\/wp-json\/wp\/v2\/types\/page"}],"author":[{"embeddable":true,"href":"https:\/\/myagencyinside.com\/maquettes\/son-plus-beau-reve\/wp-json\/wp\/v2\/users\/1"}],"replies":[{"embeddable":true,"href":"https:\/\/myagencyinside.com\/maquettes\/son-plus-beau-reve\/wp-json\/wp\/v2\/comments?post=2423"}],"version-history":[{"count":34,"href":"https:\/\/myagencyinside.com\/maquettes\/son-plus-beau-reve\/wp-json\/wp\/v2\/pages\/2423\/revisions"}],"predecessor-version":[{"id":2641,"href":"https:\/\/myagencyinside.com\/maquettes\/son-plus-beau-reve\/wp-json\/wp\/v2\/pages\/2423\/revisions\/2641"}],"wp:attachment":[{"href":"https:\/\/myagencyinside.com\/maquettes\/son-plus-beau-reve\/wp-json\/wp\/v2\/media?parent=2423"}],"curies":[{"name":"wp","href":"https:\/\/api.w.org\/{rel}","templated":true}]}}